{"id":19,"date":"2026-03-01T07:14:34","date_gmt":"2026-03-01T07:14:34","guid":{"rendered":"https:\/\/msdizajn.wasmer.app\/?page_id=19"},"modified":"2026-03-01T17:25:19","modified_gmt":"2026-03-01T17:25:19","slug":"projekti","status":"publish","type":"page","link":"https:\/\/www.msdizajn.com\/index.php\/projekti\/","title":{"rendered":"Projekti"},"content":{"rendered":"\n<h2 class=\"wp-block-heading\">Projekti<\/h2>\n\n\n\n<p><br>Dizajn enterijera predstavlja pa\u017eljivo odabranu kolekciju realizovanih projekata koji odra\u017eavaju na\u0161 pristup prostoru, estetici i funkcionalnosti.<\/p>\n\n\n\n<p>Svaki prikazani enterijer nosi jedinstvenu pri\u010du, od po\u010detne ideje i koncepta do finalne izvedbe demonstriraju\u0107i na\u0161u posve\u0107enost detaljima i uskla\u0111enosti sa potrebama klijenta.<\/p>\n\n\n\n<p>Kroz ovaj pregled radova \u017eelimo pokazati kreativna rje\u0161enja i sposobnost transformacije prostora u inspirativna i funkcionalna okru\u017eenja.<\/p>\n","protected":false},"excerpt":{"rendered":"<p>Projekti Dizajn enterijera predstavlja pa\u017eljivo odabranu kolekciju realizovanih projekata koji odra\u017eavaju na\u0161 pristup prostoru, estetici i funkcionalnosti. Svaki prikazani enterijer nosi jedinstvenu pri\u010du, od po\u010detne ideje i koncepta do finalne izvedbe demonstriraju\u0107i na\u0161u posve\u0107enost detaljima i uskla\u0111enosti sa potrebama klijenta. Kroz ovaj pregled radova \u017eelimo pokazati kreativna rje\u0161enja i sposobnost transformacije prostora u inspirativna i [&hellip;]<\/p>\n","protected":false},"author":1,"featured_media":0,"parent":0,"menu_order":0,"comment_status":"closed","ping_status":"closed","template":"page-projekti.php","meta":{"footnotes":""},"class_list":["post-19","page","type-page","status-publish","hentry"],"_links":{"self":[{"href":"https:\/\/www.msdizajn.com\/index.php\/wp-json\/wp\/v2\/pages\/19","targetHints":{"allow":["GET"]}}],"collection":[{"href":"https:\/\/www.msdizajn.com\/index.php\/wp-json\/wp\/v2\/pages"}],"about":[{"href":"https:\/\/www.msdizajn.com\/index.php\/wp-json\/wp\/v2\/types\/page"}],"author":[{"embeddable":true,"href":"https:\/\/www.msdizajn.com\/index.php\/wp-json\/wp\/v2\/users\/1"}],"replies":[{"embeddable":true,"href":"https:\/\/www.msdizajn.com\/index.php\/wp-json\/wp\/v2\/comments?post=19"}],"version-history":[{"count":0,"href":"https:\/\/www.msdizajn.com\/index.php\/wp-json\/wp\/v2\/pages\/19\/revisions"}],"wp:attachment":[{"href":"https:\/\/www.msdizajn.com\/index.php\/wp-json\/wp\/v2\/media?parent=19"}],"curies":[{"name":"wp","href":"https:\/\/api.w.org\/{rel}","templated":true}]}}